 -29*g. Is j a prime number?
False
Suppose 200*p - 66*p - 9211562 = 0. Is p prime?
True
Let y(d) be the first derivative of d**4/4 - 8*d**3/3 + 5*d**2 - 2*d - 7. Let w be y(8). Let i = 223 + w. Is i prime?
False
Is 4 - ((-6)/(18/(-3)) + -503116) a prime number?
False
Suppose 0 = -2*w - 16*p + 12*p + 476, 3*w + 5*p - 715 = 0. Is 6/((-24)/20) + w a prime number?
False
Suppose -9 = 4*l + 5*v, 3*l - 21 + 24 = -5*v. Is (l + 3)/(24/(-64472)) composite?
False
Suppose 32 - 525 = -j. Is j + (0 + 0)/(1*-1) a composite number?
True
Let r(s) = 3*s**3 - 6*s**2 - 7*s + 5. Let y be (-7)/(-14)*2 + 5. Is r(y) a composite number?
True
Let a(p) = -7 + 11*p + 7*p + 621*p**2 - 15*p. Is a(2) prime?
False
Is (3557086/(11 - -2))/2 a prime number?
True
Let c = -18743 + 29977. Suppose -w - 3*w = -a + 11231, a - 3*w - c = 0. Is a a composite number?
False
Suppose -376*m = -158*m - 126799918. Is m a prime number?
False
Suppose -4253*c + 4249*c - 5*x + 302557 = 0, 3*c = x + 226932. Is c prime?
False
Let i(q) = -22231*q**3 + 2*q**2 + 54*q + 168. Is i(-3) composite?
True
Is ((-38)/(-76))/((-667068)/(-667064) + -1) prime?
True
Let j(f) = -6*f**3 + 3*f**2 - 11*f - 14. Let i be j(-5). Let h = i - -2281. Is h prime?
False
Let a(i) = 1248*i**3 + 2*i**2 - 10*i - 29. Is a(5) a composite number?
True
Suppose -c = -x + 103012, 4*c = -x - 3*x + 412048. Is x/10 + ((-72)/(-40))/(-9) prime?
True
Let c be (1785800/(-32))/(-5) + (-4)/16. Suppose -4*w + 91*p = 87*p - 8912, 0 = -5*w - 2*p + c. Is w prime?
False
Let q(p) = -190*p - 102. Let d be q(-6). Suppose 2*x - 11*h - d = -15*h, 2*x - 5*h = 1083. Is x prime?
False
Let l(j) = -442*j - 28. Let x be l(3). Let u = x - -2541. Is u prime?
True
Is (50/35 - 21/49)*538937 a composite number?
True
Suppose 4*f - 337562 = -9*t, f - t - 34314 = 50057. Is f prime?
True
Let k(q) = -444702*q**3 - 8*q**2 - 15*q - 8. Is k(-1) a composite number?
False
Let j(h) = -1907*h - 11. Let f(g) = 5720*g + 32. Let c(o) = 6*f(o) + 17*j(o). Is c(4) a composite number?
True
Let s(w) = 106*w**2 + 23*w + 8. Is s(11) a prime number?
False
Let v be 222/(-7) + (-12)/42. Let w be v/(-24)*(-18)/(-4). Suppose 0*h + 564 = w*h. Is h prime?
False
Let d = 19444 + -9437. Is d a composite number?
False
Suppose 10214512 = -187*f + 31710204 + 12047994. Is f composite?
True
Let d(j) = -4*j**2 + 75*j + 27. Let y be d(19). Let b(k) = 4*k**3 + 6*k**2 + 23*k - 47. Is b(y) composite?
True
Let h(q) = -7758*q + 24. Let z be h(-4). Suppose -4*t - 2*f = -z, -f - f = -t + 7759. Suppose 0 = -15*u + 22*u - t. Is u composite?
False
Let n = 337 + 683. Suppose -16*s + n = -4*s. Is ((-34)/s)/(2/(-15545)) a prime number?
True
Suppose -f + 36524 = -42514. Is (8/((-192)/f))/(6/(-8)) a composite number?
False
Let v be (-12)/(-9)*((-24395)/(-14) - -2). Suppose -3*x + v = 4*j, 227 = x - 2*j - 555. Is x a composite number?
True
Let z(b) = 502*b - 47. Let s = 280 - 274. Is z(s) a prime number?
False
Let q(y) = -26*y**3 + 20*y**2 - 21*y - 15. Let l(w) = 7*w**2 - w - 9*w**3 - 5 + 3*w - 9*w. Let o(c) = 17*l(c) - 6*q(c). Is o(6) composite?
False
Suppose 536*y - 61881 = -i + 540*y, -2*i = -3*y - 123752. Is i a prime number?
False
Suppose -5*v + j = 489200, v + 97844 = 3*j - 2*j. Is v/(-36) + 10/8 a composite number?
False
Suppose 45 = -3*q + 12*q. Suppose -l + 909 = q*i, -7*l = -5*l + 2*i - 1858. Is l a prime number?
False
Let v(d) = 176*d - 26. Let j be v(-3). Let p = 957 - j. Is p prime?
True
Suppose -31*f + 129249 = -124333 - 166437. Is f a composite number?
True
Let c = -47 - -42. Let l be 3/4*(3 - c). Is (2018/(-3))/((-4)/l) a prime number?
True
Let t(w) be the second derivative of -w**3/2 - 5*w**2 - 19*w. Let c be t(-6). Suppose 0*q - c*q + 1784 = 0. Is q a composite number?
False
Suppose -3*v = -4*j + 10, -2*v - 24 = -6*v - 4*j. Suppose 5*m + 1 = c, -5*c - 3*m + v = -3. Is 6662/6 - (-14)/21*c composite?
True
Let m(r) = 1354*r - 1423. Is m(50) composite?
True
Suppose 16*i - 405473 - 587279 = 0. Is i a composite number?
False
Let q be -8119*(-5 - -6)*2/(-2). Suppose q = 4*t + 2675. Is t a prime number?
True
Suppose 31*s - 4*s = 7*s + 23810140. Is s prime?
True
Let l(q) = 3*q**2 - 7*q + 2. Let o be l(3). Is ((-3)/(-12))/(o/630944) prime?
True
Is (-46921 + 4/2)*(-7 - (6 - 6)) composite?
True
Let g = 499722 + -284473. Is g prime?
True
Let z be (-6 - -2) + 8 + -2003. Let a = 3272 + z. Suppose 5*f = 342 + a. Is f a prime number?
False
Let p(i) = -765*i**2 - 4*i - 8. Let u be p(-2). Let h = u + 4601. Is h prime?
False
Let t be ((-12)/(-4 - 0))/(3/21). Is (-22)/(-4)*(t - -341) composite?
True
Let d(s) = 305*s - 80. Let r(u) = 611*u - 162. Let p(t) = -5*d(t) + 3*r(t). Is p(3) composite?
True
Let u(r) be the second derivative of 5*r**4/6 - 19*r**3/6 + 49*r**2 + 3*r - 14. Is u(-25) prime?
True
Let g(j) = 20*j - 31. Let v be (7 + 1 - 4/(-10))*5. Let m be (v/15)/((-3)/(-15)). Is g(m) a composite number?
True
Suppose 4426633 = 24*u - 1443913 - 596086. Is u composite?
True
Let x be 3/(-1)*(-13335)/(-35). Suppose 0 = -2*g + 2024 + 1424. Let u = x + g. Is u prime?
False
Let k = 80 + -56. Let h(d) = d**3 - 24*d**2 + d - 20. Let q be h(k). Suppose 8 = 3*v - q, v - 749 = -z. Is z a composite number?
True
Suppose 2*x + 48 = 5*f - 29, x = -1. Is (-11328)/(-9) + f/45 prime?
True
Let r = 155 + -86. Let i be (-9)/15 + (r/5)/3. Suppose -d + 199 = -i*l, 3*l - 891 = -8*d + 4*d. Is d a prime number?
False
Let r(p) = 437*p**2 - p + 1. Let d = -41 - -107. Let f = -65 + d. Is r(f) a composite number?
True
Let i be -2*1*(4 + (-24)/4). Suppose -i*q + 2*b + 6 = 0, 0*q - 30 = -5*q - 5*b. Is (-131)/(-3 + q + -1) a prime number?
True
Let q be 82 - (12/(-3) + 2). Suppose -p = -5*p - q. Let v(b) = -335*b - 40. Is v(p) a prime number?
False
Let y = 5433 - 1177. Let k = y + -867. Is k prime?
True
Let y = 296 + -294. Suppose y*d - 5*j = 768, 3*j - 1982 = -5*d - 0*j. Is d prime?
False
Suppose 14*k = -244261 + 2096769. Is k composite?
True
Suppose -2 = 9*a - 38. Let z be -59*(2/a)/((-1)/4). Suppose z = y + 21. Is y a composite number?
False
Let f = 72 + -51. Suppose 6*x + x = f. Let y(i) = 83*i + 2. Is y(x) composite?
False
Suppose -40*s = -7*s + 10*s - 31902259. Is s a prime number?
True
Suppose u - 1346864 = -5*q, 2063933 = 3*u + 5*q - 1976669. Is u prime?
False
Let m be 920/30 + (-1)/(-3). Is ((-2)/4)/(m/(-260462)) a prime number?
True
Suppose -8*s = -13*s + 125. Suppose -3*k + k = -5*u + s, k + 2 = u. Let m(h) = -h**3 + 10*h**2 - 10*h + 2. Is m(u) a composite number?
False
Let t = -9558 - -22437. Suppose 4*c - t = -5*b, -2*c + 7*c + 12915 = 5*b. Is b a prime number?
True
Suppose 3*t + y = -11, -t - 5*y + 5 = 32. Let j be t/6 + (-2 - 48/(-9)). Suppose 3*o = -2*x + 1823, x + j*o + 76 = 980. Is x composite?
False
Let z be (0 - 0)*(2 - 1). Suppose z = -6*v + 1123 + 8771. Is v a composite number?
True
Let q be (-6)/(-45) - 11*48/(-90). Suppose 4*k - q*r = -5*r + 124873, -2*r = -6. Is k a composite number?
False
Let q(m) be the second derivative of -287*m**3/6 + 30*m**2 + 18*m. Let x be q(-10). Is (22/(-110))/((-2)/x) prime?
True
Suppose -25*q = 12*q + 127724. Let a = q - -5161. Is a composite?
False
Let f be (-142946)/30 - 14/525*5. Let q = f - -6860. Is q a prime number?
False
Suppose 34*j + 0*j = -32*j + 138534. Is j a prime number?
True
Suppose 0 = o + f - 59257, 0 = o - 2*f + 6*f - 59263. Is (1/1)/(35/o) prime?
True
Let u = -333 - -559. Suppose 4*g - 15 = -5*c, 3*c - 2*g + 3*g = 9. Suppose 2*v = c*x + u, -8*v + 615 = -3*v + 5*x. Is v composite?
True
Let y(b) = 5397*b - 940. Is y(21) prime?
True
Suppose -90*v + 48835 = 2*a - 87*v, -5*a = 13*v - 122126. Is a composite?
False
Let s(l) = 3*l**2 + 20*l + 112673. Is s(0) a composite number?
True
Suppose 7*i - 3*i = -4*c + 3992, 4*i - 2*c = 3974. Let h = i + 1017. Is 6/4*h/6 a prime number?
True
Is (-4)/16 - (-97735920)/192 a prime number?
False
Is 2880647/42 + -4 + (-275)/(-66) a composite number?
True
Suppose -14608 = 10*q + 13152. Let l = q - -4061. Is l composite?
True
Suppose 0 = -29*d - 28*d - 4788. Let p be (-22)/(-4)*(-19 + -3). Let h = d - p. Is h prime?
True
Is (-9 - -3) + 334103/(22/2) composite?
False
Let y(u) = 13 + 0*u + 17 + 5*u. Let t be y(-7). Let c = 12 + t. Is c composite?
False
Suppose c - 104448 = 4*k - 14367, 450321 = 5*c + k. Is c prime?
False
Let u = -367783 + 599964. Is u a c